of 8?
True
Is 14144 a multiple of 64?
True
Does 24 divide 816?
True
Is 3825 a multiple of 85?
True
Does 21 divide 56?
False
Does 46 divide 85283?
False
Is 2905 a multiple of 114?
False
Is 3 a factor of 472?
False
Is 123 a factor of 29274?
True
Does 23 divide 299?
True
Is 22 a factor of 704?
True
Is 30 a multiple of 5?
True
Is 25 a factor of 421?
False
Does 71 divide 198?
False
Is 2 a factor of 2363?
False
Is 22 a factor of 1718?
False
Is 5160 a multiple of 43?
True
Does 6 divide 699?
False
Does 33 divide 6988?
False
Is 444 a multiple of 37?
True
Is 20 a factor of 749?
False
Is 51 a factor of 5508?
True
Is 24 a multiple of 6?
True
Does 10 divide 32?
False
Does 15 divide 97215?
True
Is 355 a factor of 17746?
False
Is 27 a factor of 62505?
True
Is 36 a factor of 64?
False
Is 11675 a multiple of 5?
True
Is 43 a factor of 1376?
True
Does 6 divide 40200?
True
Is 93 a multiple of 3?
True
Is 34030 a multiple of 33?
False
Is 385 a multiple of 55?
True
Is 214 a multiple of 15?
False
Is 51 a factor of 59415?
True
Is 8 a factor of 128?
True
Is 12 a factor of 38856?
True
Is 384 a multiple of 12?
True
Is 33 a factor of 1089?
True
Is 20 a factor of 9076?
False
Is 28 a factor of 30168?
False
Is 9 a factor of 421?
False
Is 702 a multiple of 48?
False
Is 17 a factor of 79254?
True
Is 3100 a multiple of 25?
True
Is 1032 a multiple of 23?
False
Is 630 a multiple of 42?
True
Does 54 divide 1944?
True
Is 665 a multiple of 14?
False
Does 34 divide 1534?
False
Is 34 a factor of 40936?
True
Is 8449 a multiple of 71?
True
Is 4 a factor of 4370?
False
Is 28 a factor of 48494?
False
Is 17 a factor of 409?
False
Is 25 a factor of 4250?
True
Does 5 divide 57?
False
Does 3 divide 113?
False
Does 15 divide 16?
False
Is 17 a factor of 102?
True
Is 903 a multiple of 43?
True
Is 36 a factor of 2285?
False
Is 552 a multiple of 6?
True
Is 197 a factor of 9259?
True
Is 830 a multiple of 122?
False
Is 5 a factor of 2625?
True
Is 5244 a multiple of 9?
False
Is 945 a multiple of 15?
True
Is 30 a factor of 552?
False
Is 18 a factor of 882?
True
Does 9 divide 2205?
True
Does 152 divide 39064?
True
Is 1999 a multiple of 41?
False
Is 43 a factor of 356?
False
Is 13644 a multiple of 213?
False
Is 389 a multiple of 42?
False
Is 378 a multiple of 42?
True
Is 168 a multiple of 21?
True
Does 18 divide 414?
True
Does 182 divide 1820?
True
Is 13 a factor of 5044?
True
Is 51622 a multiple of 106?
True
Is 9 a factor of 22959?
True
Does 57 divide 2508?
True
Is 170 a factor of 14657?
False
Is 3050 a multiple of 25?
True
Is 1066 a multiple of 6?
False
Is 323 a multiple of 20?
False
Is 105588 a multiple of 84?
True
Is 6 a factor of 4908?
True
Does 47 divide 1128?
True
Is 56 a factor of 102?
False
Does 190 divide 4824?
False
Is 1998 a multiple of 27?
True
Does 13 divide 20832?
False
Is 17666 a multiple of 7?
False
Is 42 a factor of 4956?
True
Does 2 divide 145?
False
Is 7255 a multiple of 62?
False
Is 3431 a multiple of 12?
False
Does 20 divide 20852?
False
Is 357 a multiple of 21?
True
Does 3 divide 6378?
True
Is 628 a multiple of 46?
False
Is 28600 a multiple of 200?
True
Is 150 a factor of 48598?
False
Is 171 a factor of 105362?
False
Is 13 a factor of 273?
True
Does 14 divide 46606?
True
Does 333 divide 51948?
True
Is 3507 a multiple of 4?
False
Is 31 a factor of 372?
True
Is 950 even?
True
Is 63031 a multiple of 32?
False
Is 29512 a multiple of 34?
True
Is 201 a factor of 4422?
True
Does 12 divide 714?
False
Is 17864 a multiple of 203?
True
Is 5 a factor of 4216?
False
Is 8 a factor of 24?
True
Is 8 a factor of 420?
False
Is 1495 a multiple of 5?
True
Is 19721 a multiple of 6?
False
Is 218 a factor of 8894?
False
Is 97 a factor of 1409?
False
Is 15037 a multiple of 7?
False
Is 197 a multiple of 8?
False
Does 186 divide 55996?
False
Does 41 divide 5378?
False
Does 21 divide 1995?
True
Is 13 a factor of 12051?
True
Does 79 divide 26939?
True
Is 14 a factor of 686?
True
Is 27 a factor of 24611?
False
Is 16060 a multiple of 44?
True
Is 10 a factor of 3282?
False
Is 160 a multiple of 16?
True
Does 12 divide 5868?
True
Is 4 a factor of 3023?
False
Does 95 divide 2486?
False
Is 7 a factor of 1855?
True
Is 5 a factor of 3730?
True
Is 85 a multiple of 16?
False
Is 49 a factor of 121961?
True
Is 17 a factor of 6300?
False
Does 37 divide 6216?
True
Does 233 divide 27748?
False
Is 19 a factor of 418?
True
Does 4 divide 1501?
False
Is 65 a factor of 4810?
True
Is 19080 a multiple of 22?
False
Is 11 a factor of 392?
False
Is 28 a factor of 23632?
True
Is 44 a factor of 617?
False
Does 71 divide 70255?
False
Is 3437 a multiple of 149?
False
Is 1377 a multiple of 27?
True
Is 31 a factor of 2728?
True
Is 62056 a multiple of 24?
False
Does 37 divide 925?
True
Is 59 a factor of 27730?
True
Does 12 divide 13610?
False
Is 11983 a multiple of 23?
True
Does 91 divide 6413?
False
Is 141 a factor of 82062?
True
Does 2 divide 16?
True
Is 6 a factor of 225?
False
Is 14 a factor of 101?
False
Does 105 divide 269?
False
Is 42 a factor of 1747?
False
Is 12 a factor of 24?
True
Is 29 a factor of 547?
False
Is 19679 a multiple of 158?
False
Is 204 a multiple of 17?
True
Is 40 a factor of 208?
False
Is 133 a multiple of 4?
False
Is 2886 a multiple of 39?
True
Is 550 a multiple of 50?
True
Does 2 divide 13190?
True
Is 189 a multiple of 27?
True
Is 5094 a multiple of 31?
False
Does 19 divide 1482?
True
Is 52 a factor of 2704?
True
Is 13494 a multiple of 36?
False
Does 3 divide 1782?
True
Does 15 divide 3450?
True
Is 6 a factor of 2883?
False
Does 46 divide 552?
True
Does 37 divide 3549?
False
Does 19 divide 6992?
True
Is 84456 a multiple of 204?
True
Is 14 a factor of 50248?
False
Is 32 a factor of 704?
True
Is 926 a multiple of 4?
False
Is 490 a multiple of 7?
True
Is 8544 a multiple of 48?
True
Is 43047 a multiple of 154?
False
Is 7 a factor of 68?
False
Is 90 a multiple of 9?
True
Does 72 divide 470?
False
Is 437 a multiple of 6?
False
Is 187 a multiple of 17?
True
Is 9 a factor of 366?
False
Is 18 a factor of 702?
True
Is 14958 a multiple of 105?
False
Is 20 a factor of 27360?
True
Does 33 divide 594?
True
Is 19 a factor of 10621?
True
Is 11523 a multiple of 18?
False
Does 4 divide 70?
False
Does 7 divide 2796?
False
Is 72 a factor of 410?
False
Does 14 divide 140?
True
Is 29 a factor of 39643?
True
Does 8 divide 1151?
False
Is 5712 a multiple of 21?
True
Is 1456 a multiple of 112?
True
Does 26 divide 11146?
False
Is 2154 a multiple of 97?
False
Does 3 divide 427?
False
Is 1746 a multiple of 91?
False
Does 14 divide 17752?
True
Does 3 divide 17406?
True
Does 90 divide 463?
False
Is 141 a factor of 2475?
False
Is 11 a factor of 222?
False
Does 57 divide 2920?
False
Is 2620 a multiple of 20?
True
Is 442 a multiple of 13?
True
Is 2485 a multiple of 5?
True
Is 56 a factor of 504?
True
Does 88 divide 19184?
True
Does 14 divide 854?
True
Does 48 divide 7310?
False
Is 1311 a multiple of 23?
True
Does 11 divide 220?
True
Does 7 divide 9767?
False
Does 105 divide 4725?
True
Is 11 a factor of 110?
True
Is 15 a factor of 329?
False
Is 705 a multiple of 5?
True
Is 161 a multiple of 6?
False
Is 22 a factor of 176?
True
Is 26327 a multiple of 376?
False
Does 49 divide 735?
True
Does 10 divide 124?
False
Is 1044 a multiple of 58?
True
Is 472 a multiple of 4?
True
Does 85 divide 2133?
False
Is 52665 a multiple of 15?
True
Is 1767 a multiple of 31?
True
Is 15504 a multiple of 152?
True
Does 159 divide 5990?
False
Is 363 a factor of 101277?
True
Is 15801 a multiple of 17?
False
Is 48 a multiple of 8?
True
Is 8350 a multiple of 50?
True
Does 24 divide 1080?
True
Is 53 a factor of 5035?
True
Is 2742 a multiple of 6?
True
Is 595 a multiple of 17?
True
Is 252 a multiple of 21?
True
Is 34 a factor of 2209?
False
Is 1071 a multiple of 7?
True
Is 2309 a multiple of 5?
False
Is 119 a factor of 2183?
False
Does 24 divide 1824?
True
Does 5 divide 290?
True
Is 114 a factor of 23419?
False
Is 6 a factor of 522?
True
Is 102 a factor of 4726?
False
Is 26 a factor of 2054?
True
Is 2 a factor of 838?
True
Is 59 a factor of 12075?
False
Is 7 a factor of 511?
True
Is 2125 a multiple of 8?
False
Is 60 a factor of 2280?
True
Is 44 a factor of 1276?
True
Is 588 a multiple of 147?
True
Is 53 a factor of 56763?
True
Is 13 a factor of 1409?
False
Is 11232 a multi